. Let l(i) = -14*i**2 - 5*i + 1. Let f(g) = -4*h(g) + 11*l(g). Let w be f(1). Suppose 6*q - w = q. What is the units digit of q?
2
Suppose -8 = 4*y + 4*q, -3*y = -5*y + 4*q + 14. Let m = y + -1. Suppose -5*a - 5 + 35 = m. What is the units digit of a?
6
Let y be 0/(-1*1*-2). Suppose -3*z = -3 - y. What is the units digit of z?
1
Suppose q + 3*q = -52. Let n = q + 21. What is the units digit of n?
8
Let m(o) be the second derivative of o**5/20 + o**4/3 + 2*o**2 + 2*o. Suppose -i + 4*i = -12. What is the units digit of m(i)?
4
Let g(n) = n**2 - 4*n - 8. Let z be g(6). Let y be 1/(1 - 22/24). Suppose y = z*j - 0*j. What is the units digit of j?
3
Suppose -5*w = -w - 2*q + 62, -40 = 3*w + 5*q. Let l = 24 - w. Let r = -28 + l. What is the units digit of r?
1
Let i = 4 + -1. Suppose 4*k = i*k. Suppose k = -m + 4 - 1. What is the units digit of m?
3
Suppose 4*p = 2*z - 26, 32 = 2*z - 5*p + 1. Suppose 0 = -2*i - n + 32, 0*i + z*n - 51 = -3*i. What is the units digit of (i/9)/(2/6)?
5
Let m = -9 - -1. What is the units digit of (1 + 3)*(-6)/m?
3
Let n(h) = -39*h**2 - 1. Let g be n(1). What is the units digit of -6*(g/(-12))/(-5)?
4
Suppose -3*l - m + 0*m = 40, 4*m = -2*l - 20. Let s be (-24)/l - (-2)/7. What is the units digit of ((-1)/3)/(s/(-42))?
7
What is the units digit of 36/(-63)*7/(-2)?
2
Suppose 2*i = -3*r + 121, 5*i - 4*r - 157 = 111. What is the units digit of i?
6
What is the tens digit of 3/(9/(-4)) + 1340/15?
8
Let c = 2 + -2. Suppose -5*f + 23 + 2 = c. Let k = f - -1. What is the units digit of k?
6
Let f(o) = -o**3 + 4*o**2 - 3*o + 1. Let d be f(2). Let n be 5 - 1*d/(-3). What is the units digit of ((-27)/n)/(3/(-6))?
9
Suppose 3*b - 19 = -2*o, 5*b = -2*o + 4*o + 5. What is the units digit of o?
5
Suppose -57 = -k + 5*u, 5*k - 2*u = 108 + 62. What is the units digit of k?
2
Suppose -k + 6*k - 265 = 0. What is the tens digit of k?
5
Let k be (-2 - -2)/(1 - -1). Suppose -5*l - t - 5 = k, t = -3*l + 7*l - 5. Suppose l*i = -i + 19. What is the tens digit of i?
1
Let u be (4 - (-6)/(-3)) + 1. Suppose -u*h + 34 = -5. What is the units digit of h?
3
Let o(n) = -2*n - 9. Let j be o(-7). Suppose 5*u = -f + 4, -j*f + 0*f - 61 = -2*u. Let v(c) = c + 24. What is the units digit of v(f)?
3
Suppose u + 2*u - 14 = -2*j, -u + j + 3 = 0. Suppose -2*o + 5*o + u = 4*q, 4 = -3*q + 4*o. What is the units digit of 69/9 + q/(-6)?
7
Let s be (-1)/(-2)*0/10. Suppose m = -2*q + 15 - 5, s = q + m - 4. What is the units digit of q?
6
Let s be (-1)/(-3) - (-74)/(-6). What is the units digit of (-1)/(-2*(-3)/s)?
2
Let o = 34 + -59. Let h = o + -19. What is the units digit of 1/2 + h/(-8)?
6
Suppose 4*g - 5*g = 2*t - 70, -t + 67 = g. What is the units digit of g?
4
Let j be (12/10)/((-8)/(-20)). What is the tens digit of (-34 + -1)*(j + -4)?
3
Let i(c) = 2*c - 8 + 0*c - c. Let f be i(7). Let u(a) = 2*a**2 + a. What is the units digit of u(f)?
1
Let u = -3 - -6. Suppose -2*g - g + 3*n = -45, u*n + 9 = g. What is the tens digit of g?
1
Let n(j) = -38*j**3 - j**2. Let d be n(1). Suppose -330 = 5*p + p. Let h = d - p. What is the units digit of h?
6
Suppose 2*c = -2*l + 122, 5*c + 3*l - 223 = 88. What is the units digit of c?
4
Suppose 3*l - 4*l + 18 = 0. What is the units digit of (-170)/(-45) - (-4)/l?
4
Let v(u) = -2*u - 1. Let i be v(-2). Suppose 0 = 3*y - 12, -2*h - 13 = -i*h - y. What is the units digit of h?
9
Suppose 0*n + 2*f = n - 27, 2*n + 5*f - 63 = 0. Suppose n = 5*m - 11. Let c(z) = -z**2 + 8*z + 4. What is the units digit of c(m)?
4
Let z = 8 + -4. Suppose z*g + 0*g = -4. Let c = g + 6. What is the units digit of c?
5
Let h = 7 + -4. Suppose -3*v + 3*z = 2*v - 24, -3*v + 18 = -h*z. Suppose 5*k = -v*u + 10 + 42, 2*k = u + 12. What is the units digit of k?
8
Let t(d) = d + 8. Let u be t(-6). Let b = 15 - 7. Suppose -2*j + 0*p = p, -4*j + u*p + b = 0. What is the units digit of j?
1
Let c = 2 - -11. What is the tens digit of c?
1
Let l = 0 - -2. Suppose -5*m - 8 = -i - m, -l*m + 52 = 3*i. Suppose 3*g - 5*k = 28, -2*g + 10 + i = 4*k. What is the tens digit of g?
1
Let l(z) = z**2 + 17*z + 6. What is the units digit of l(-18)?
4
Let b(l) = 8*l + 2 - l - l**2 - 2*l. Let s be b(6). Let y(x) = -x**2 - 5*x + 3. What is the units digit of y(s)?
7
Let f = 56 + -39. What is the units digit of f?
7
Let a = 59 + -41. Let f = -6 + a. What is the tens digit of f?
1
Suppose 0 = 2*f - 0*f + 6. What is the units digit of 3*2/(-6)*f?
3
Suppose 2*z + 5 = 7*z. Let p be -1 - (0 - z - 0). Let r = 2 - p. What is the units digit of r?
2
Let d(j) = -4*j - 4. Let l be (0 + 2)*-1 + 3. Let i be -3*(1 - (1 - l)). What is the units digit of d(i)?
8
Let a(k) = -6*k - 6. Let p(o) = -7*o - 5. Let d(q) = 4*a(q) - 5*p(q). What is the tens digit of d(2)?
2
Let d = 4 - -21. What is the tens digit of d?
2
Suppose 0*i - 15 = -3*i. Suppose -3*x = -4*h - 4, 4*x - x - 8 = i*h. Let v = 0 - x. What is the units digit of v?
4
Let b(q) be the first derivative of -q**4/4 - 3*q**2/2 - 5*q - 3. What is the tens digit of b(-3)?
3
Let v(x) = -x**2 + 19*x - 2. What is the units digit of v(12)?
2
Let y = 425 - 212. What is the hundreds digit of y?
2
Let p(r) = -r**2 - 6*r - 5. Let d be p(-7). Let h be ((-1)/(-2))/(2/d). Let a = h - -6. What is the units digit of a?
3
Suppose c - 16 = -3*c. Suppose -k = -3*k + j + 49, 4*k - 68 = -c*j. What is the tens digit of k?
2
Let p(d) = d**3 + 3*d**2 - 2*d + 3. Let l be p(-3). Suppose -5*u + 3*u - 10 = -4*y, 20 = -4*u + y. Let i = u + l. What is the units digit of i?
4
Let h(u) = -10*u**2 + 3*u**2 - 4*u + 8*u**2 - 2. What is the units digit of h(6)?
0
Suppose q - v - 5 = 0, -13 - 12 = 4*q + 5*v. Suppose q = 3*i + 5*b, 3*i - 5 = -2*b + 4. What is the units digit of 3/5 + 22/i?
5
Suppose -5*z + p = -290, 0 = 2*z - 6*z - p + 223. What is the tens digit of z?
5
What is the units digit of -2*(-2)/(-4) - -21?
0
Let k(j) = j - 6. Let u be k(7). Let h(d) = 34*d + 2. What is the tens digit of h(u)?
3
What is the tens digit of 9/(-3)*((-84)/9 + -4)?
4
Suppose -11 = -b - 0*b. Suppose -b + 5 = -t. What is the units digit of t?
6
Suppose 79 = 2*w - 73. What is the units digit of w?
6
Let w(d) = -14*d**3 - d. Let s be w(-1). Let z be (0 + -2)*6/(-4). Suppose -s = -0*u - z*u. What is the units digit of u?
5
What is the tens digit of -438*(-1 + 3/(-3))/4?
1
Let n(z) = z + 4. Let o(p) = -6*p**3 - 2*p**2 - p. Let h be o(-1). What is the units digit of n(h)?
9
Let z = 4 + -1. Suppose 0 = r - 0 - z. What is the units digit of r?
3
Let a be (1/(-3))/((-4)/24). Let c(g) = -4*g**2 + 2*g**2 + a*g**3 + 3*g - 2*g**2. What is the units digit of c(2)?
6
Let a be 27/18*10/3. Suppose 4*z = -o + 4*o + 10, 5*z = -a*o + 30. Suppose -7 = -o*c + 23. What is the units digit of c?
5
Let b(g) = 2*g - 4*g**3 + g**2 - 3*g + 9 + 3*g**3. What is the units digit of b(0)?
9
Suppose 4*g - 40 = 4*d, 3*g - 5*d - 12 = 16. Let u = g - 9. Suppose 33 = -2*o + 4*o + 3*i, -o - u*i + 15 = 0. What is the units digit of o?
1
Let v(c) = -21*c - 17. What is the units digit of v(-10)?
3
Let a(s) = -s**3 + 5*s**2 + 2*s - 2. Let r be a(5). Let y = 22 - r. What is the tens digit of y?
1
Let q(y) = y**2 - 5*y + 3. Let f be q(2). What is the units digit of (f - -2)/(3/(-27))?
9
Let d(o) be the first derivative of 2 - 7/3*o**3 - 4*o**2 - 1/4*o**4 - 4*o. What is the units digit of d(-6)?
8
Let x(l) = 2*l - 2. What is the tens digit of x(10)?
1
Let g(p) = 9*p**2 + 5 - 2 - 7*p**2. Let c(q) = 6*q**2 + q + 9. Let v(f) = 4*c(f) - 11*g(f). What is the units digit of v(-3)?
9
Suppose 0 = -3*z + 400 + 170. What is the tens digit of z?
9
Let o(p) = 35*p**2 - 1. What is the units digit of o(-1)?
4
Let h(x) = -x**3 + 23*x**2 - 33*x - 28. What is the units digit of h(21)?
1
Suppose 0 = 5*c + 4*g - 20, 0 = 3*g - 5 - 10. Suppose c*l = 2*l - 20. What is the tens digit of l?
1
Suppose 5*f = 4*t - 100, f - 41 - 15 = -3*t. Let p = t - 17. What is the units digit of p?
3
Let k(p) = -p**3 + 2*p. Let t be k(-2). Suppose w - t*n = 5, -3*w + 10 = -n - 60. What is the tens digit of w?
2
Let a = 5 - 14. What is the tens digit of (2 - a/6)*10?
3
Let m(s) = -28*s - 1. What is the tens digit of m(-1)?
2
Let v(q) = -2*q - 10. Let g be v(-9). What is the units digit of 6/4*g + -3?
9
Suppose j + 0*f - 5*f + 17 = 0, -3*f = -6. Let g = -2 - j. What is the units di